{"id":9102,"date":"2025-11-01T01:36:02","date_gmt":"2025-11-01T01:36:02","guid":{"rendered":"https:\/\/nbautoprestige.com\/?post_type=product&#038;p=9102"},"modified":"2025-11-18T13:19:16","modified_gmt":"2025-11-18T13:19:16","slug":"kia-sportage-gt-line-hybride-2022","status":"publish","type":"product","link":"https:\/\/nbautoprestige.com\/index.php\/produit\/kia-sportage-gt-line-hybride-2022\/","title":{"rendered":"Kia Sportage gt-line hybride 2022"},"content":{"rendered":"<p style=\"text-align: left;\">Kia sportage 2022 gt-line premiun<br \/>\nVessence 150ch + hybride mhev48v &#8211; bo\u00eete<br \/>\nauto dtc7<br \/>\nCouleur blanc metal<br \/>\nComme neuf, dort garage, non fumeur, entretien \u00e0 jour kia decembre 2024%<br \/>\nToutes options + surteintage 90% vitres<br \/>\narri\u00e8res<br \/>\n\u00c9quipements s\u00e9rie:<br \/>\n\u2022 Assistance active \u00e0 la conduite sur autoroute\u2022 Avertissement de s\u00e9curit\u00e9 de sortie du v\u00e9hicule \u2022 Boucliers avant\/arri\u00e8re<br \/>\nGT-Line \u2022 Coques de r\u00e9troviseurs noir laqu\u00e9 \u2022<br \/>\nHayon \u00e9lectrique \u00e0 ouverture mains libres \u2022<br \/>\nJantes en alliage 19\u00a0\u00bb\u2022 Moniteur avec vision panoramique 360\u00b0 R\u00e9gulateur de vitesse adaptatif coupl\u00e9 au syst\u00e8me de navigation \u2022<br \/>\nSellerie cuir artificiel\/su\u00e8de \u2022 Si\u00e8ges avant<br \/>\nEquipements s\u00e9rie:<br \/>\n\u2022 Assistance active \u00e0 la conduite sur autoroute\u2022 Avertissement de s\u00e9curit\u00e9 de sortie du v\u00e9hicule \u2022 Boucliers avant\/arri\u00e8re<br \/>\nGT-Line \u2022 Coques de r\u00e9troviseurs noir laqu\u00e9 \u2022<br \/>\nHayon \u00e9lectrique \u00e0 ouverture mains libres \u2022<br \/>\nJantes en alliage 19&Prime;\u2022 Moniteur avec vision panoramique 360\u00b0 R\u00e9gulateur de vitesse adaptatif coupl\u00e9 au syst\u00e8me de navigation \u2022<br \/>\nSellerie cuir artificiel\/su\u00e8de \u2022 Si\u00e8ges avant ventil\u00e9s \u2022 Si\u00e8ge conducteur \u00e0 m\u00e9moire de position \u2022 Syst\u00e8me anti-collision avec d\u00e9tection des angles morts\u2022 Syst\u00e8me audio<br \/>\nPremium Harman Kardon\u00ae\ufe0f \u2022 Syst\u00e8me de freinage d&rsquo;urgence autonome avec fonction croisemente Toit ouvrant panoramique \u2022<br \/>\nVolant \u00e0 m\u00e9plat gain\u00e9 cuir GT-line\u2022 Combin\u00e9 d&rsquo;instrumentation 100% digital 12.3&Prime; \u2022<br \/>\nOuverture et d\u00e9marrage sans cl\u00e9 \u00ab Smart Key<br \/>\n\u00bb \u2022 Projecteurs avant \u00ab\u00a0Full LED\u00a0\u00bb matriciels\u2022<br \/>\nSi\u00e8ges avant \u00e0 r\u00e9glages \u00e9lectriques \u2022 Si\u00e8ges avant et arri\u00e8re chauffants \u2022 Syst\u00e8me de chargement du smartphone par induction\u2022<br \/>\nVitres et lunette arri\u00e8re surteint\u00e9es \u2022 Volant chauffant<\/p>\n","protected":false},"excerpt":{"rendered":"<p>Kia sportage 2022 gt-line premiun Vessence 150ch + hybride mhev48v &#8211; bo\u00eete auto dtc7 Couleur blanc metal Comme neuf, dort<\/p>\n","protected":false},"featured_media":9103,"template":"","meta":[],"product_brand":[],"product_cat":[96],"product_tag":[],"class_list":{"0":"post-9102","1":"product","2":"type-product","3":"status-publish","4":"has-post-thumbnail","6":"product_cat-vendu","8":"first","9":"instock","10":"shipping-taxable","11":"purchasable","12":"product-type-simple"},"_links":{"self":[{"href":"https:\/\/nbautoprestige.com\/index.php\/wp-json\/wp\/v2\/product\/9102","targetHints":{"allow":["GET"]}}],"collection":[{"href":"https:\/\/nbautoprestige.com\/index.php\/wp-json\/wp\/v2\/product"}],"about":[{"href":"https:\/\/nbautoprestige.com\/index.php\/wp-json\/wp\/v2\/types\/product"}],"version-history":[{"count":2,"href":"https:\/\/nbautoprestige.com\/index.php\/wp-json\/wp\/v2\/product\/9102\/revisions"}],"predecessor-version":[{"id":9164,"href":"https:\/\/nbautoprestige.com\/index.php\/wp-json\/wp\/v2\/product\/9102\/revisions\/9164"}],"wp:featuredmedia":[{"embeddable":true,"href":"https:\/\/nbautoprestige.com\/index.php\/wp-json\/wp\/v2\/media\/9103"}],"wp:attachment":[{"href":"https:\/\/nbautoprestige.com\/index.php\/wp-json\/wp\/v2\/media?parent=9102"}],"wp:term":[{"taxonomy":"product_brand","embeddable":true,"href":"https:\/\/nbautoprestige.com\/index.php\/wp-json\/wp\/v2\/product_brand?post=9102"},{"taxonomy":"product_cat","embeddable":true,"href":"https:\/\/nbautoprestige.com\/index.php\/wp-json\/wp\/v2\/product_cat?post=9102"},{"taxonomy":"product_tag","embeddable":true,"href":"https:\/\/nbautoprestige.com\/index.php\/wp-json\/wp\/v2\/product_tag?post=9102"}],"curies":[{"name":"wp","href":"https:\/\/api.w.org\/{rel}","templated":true}]}}