{"id":8876,"date":"2025-10-25T16:48:56","date_gmt":"2025-10-25T16:48:56","guid":{"rendered":"https:\/\/nbautoprestige.com\/?post_type=product&#038;p=8876"},"modified":"2025-10-25T16:55:03","modified_gmt":"2025-10-25T16:55:03","slug":"renault-espace-v-2-0l","status":"publish","type":"product","link":"https:\/\/nbautoprestige.com\/index.php\/produit\/renault-espace-v-2-0l\/","title":{"rendered":"Renault Espace V 2.0l"},"content":{"rendered":"<p>Renault Espace V 2.0l diesel Intense de 160 chevaux, en excellent \u00e9tat. Immatricul\u00e9 en novembre 2020,<br \/>\nv\u00e9hicule 7 places<\/p>\n<p>FACTURE ET SUIVIE COMPLET<\/p>\n","protected":false},"excerpt":{"rendered":"<p>Renault Espace V 2.0l diesel Intense de 160 chevaux, en excellent \u00e9tat. Immatricul\u00e9 en novembre 2020, v\u00e9hicule 7 places FACTURE<\/p>\n","protected":false},"featured_media":8877,"template":"","meta":[],"product_brand":[123],"product_cat":[100],"product_tag":[],"class_list":{"0":"post-8876","1":"product","2":"type-product","3":"status-publish","4":"has-post-thumbnail","6":"product_brand-renault","7":"product_cat-reserve","9":"first","10":"instock","11":"shipping-taxable","12":"purchasable","13":"product-type-simple"},"_links":{"self":[{"href":"https:\/\/nbautoprestige.com\/index.php\/wp-json\/wp\/v2\/product\/8876","targetHints":{"allow":["GET"]}}],"collection":[{"href":"https:\/\/nbautoprestige.com\/index.php\/wp-json\/wp\/v2\/product"}],"about":[{"href":"https:\/\/nbautoprestige.com\/index.php\/wp-json\/wp\/v2\/types\/product"}],"version-history":[{"count":1,"href":"https:\/\/nbautoprestige.com\/index.php\/wp-json\/wp\/v2\/product\/8876\/revisions"}],"predecessor-version":[{"id":8886,"href":"https:\/\/nbautoprestige.com\/index.php\/wp-json\/wp\/v2\/product\/8876\/revisions\/8886"}],"wp:featuredmedia":[{"embeddable":true,"href":"https:\/\/nbautoprestige.com\/index.php\/wp-json\/wp\/v2\/media\/8877"}],"wp:attachment":[{"href":"https:\/\/nbautoprestige.com\/index.php\/wp-json\/wp\/v2\/media?parent=8876"}],"wp:term":[{"taxonomy":"product_brand","embeddable":true,"href":"https:\/\/nbautoprestige.com\/index.php\/wp-json\/wp\/v2\/product_brand?post=8876"},{"taxonomy":"product_cat","embeddable":true,"href":"https:\/\/nbautoprestige.com\/index.php\/wp-json\/wp\/v2\/product_cat?post=8876"},{"taxonomy":"product_tag","embeddable":true,"href":"https:\/\/nbautoprestige.com\/index.php\/wp-json\/wp\/v2\/product_tag?post=8876"}],"curies":[{"name":"wp","href":"https:\/\/api.w.org\/{rel}","templated":true}]}}